
What is -2128 + 2149 - (0 + -57)?
78
-2 + (24 - -4 - (6 + 2 + 7 + -8))
19
(127 - 46) + -56 + -4 + 24
45
What is the value of (-16 - -42) + (-12 - (-6 - 3) - -10)?
33
Calculate 344 - 419 - (-3 + -19) - 36.
-89
Calculate -112 + -81 + 156 - (-2 + 2 - -16).
-53
What is (-2 - (4 + -8 + 4)) + (8 + 24 - 30)?
0
-2 + 1 + -9 + (-125 - (-338 - -275))
-72
What is 79 + (12 - 11 - 52)?
28
What is (1076 - 1093) + -42 + 0?
-59
What is (-9 - 0 - 28) + -7 + -7 + (6 - 2)?
-47
What is (-3153 - -3227) + (0 - 21)?
53
Evaluate 5 - (10 + -3 + -18 + -40 + 47).
9
-6 + -11 + (-2 + 15 - 59)
-63
Calculate (-1 - -4 - (0 - 60 - 8)) + 3 + -4.
70
What is the value of -90 - (-74 - -33) - -20?
-29
(35 - (49 + -27)) + -52
-39
Evaluate -10 + (11 - (2 - -9) - 7) + 12 + -16.
-21
What is the value of 65 - (15 - (19 + 43 + -30))?
82
72 + (-65 - 69 - -8)
-54
What is 22 - 64 - (-24 + -3 - 4)?
-11
Evaluate 40 - (4 - (2 - (6 - 9)) - -4).
37
What is 28 + (-6 - (-31 - -69)) - 7?
-23
What is the value of 4 - (15 + (6 - (-5 + 2 + -38 + 53)))?
-5
What is the value of -133 - (-7 + -2 - (-1067 - -1075))?
-116
Calculate 18 - 4 - (3 - (21 - -2)).
34
Evaluate 44 + 1 + (3 - 12) + 12 + 3.
51
110 + -15 + (5 + 0 + 2 - (-2 + 4))
100
What is the value of -5 + 5 + 7 + 0 + -126 - (487 - 501)?
-105
20 - (20 + 2 + 27 + 7 + -45)
9
What is the value of (20 + 1 + (1 - (17 + -8)) - 4) + -28?
-19
What is the value of 154 + -371 + 159 + -62?
-120
Evaluate -867 - -863 - ((-8 - 7) + 7).
4
What is the value of 9 + (-22 + (8 - -19) - (13 - 4))?
5
What is the value of 1204 + -1254 - (-34 - 2)?
-14
What is (-30 - -93) + -17 + -3 + 0 + -2 + 2?
43
(173 - (35 + 8)) + -4 + 0 + -3
123
What is the value of 8 - (13 - (8 + (21 - 23)))?
1
Evaluate -6 + (5 - -11 - 0) - (209 + -174).
-25
Evaluate 10 + 0 + 81 + -148 - 14 - -7.
-64
What is the value of (2 - 34) + -267 + 313 + 43?
57
Calculate -88 + -22 + -7 + 194.
77
What is -34 + -15 + 36 - -43?
30
What is the value of -22 - (-2 + 19 + -30) - (-1 - 41)?
33
What is 83 + -1 - (163 - (172 - -7))?
98
What is (17 - 28) + 87 + -74?
2
What is the value of (30 - 1) + -49 + 102 + -38 - -19?
63
Evaluate -5 + 120 - (-24 - -47 - 20) - 1.
111
What is (-21 - (10 + -16 + 3)) + 28 + -64?
-54
What is the value of (-119 + 314 - 101) + -2 + (18 - -5)?
115
Evaluate (9 + -3 - -3) + (-8 + -12 + 6 - 18).
-23
Evaluate (3 - -1) + -346 + 380 + (-4 + -1 - 0).
33
What is the value of 41 + -103 + 24 - -8?
-30
What is the value of (20 - (24 - (85 - 28))) + (1 - 5) + 2?
51
What is (-1 - -6 - -1) + (10 - (-38 + 56)) - -93?
91
What is (-1 - 76) + (12 - (-27 - (-5 - 19)))?
-62
What is 11 + 76 + 1 - (6 + -4 + -12 + 1)?
97
155 + -3 + 39 - 54
137
What is 5 + 16 + (46 - (32 + 9))?
26
What is (2082 - 2125) + (-4 - -99)?
52
Calculate 9 + -5 + -20 - (27 + -42).
-1
192 - 212 - (1 - 24) - -46
49
What is 3 + -26 - (-22 - (-32 - -61))?
28
What is the value of 0 + -12 - (-5 + (-7 - -34) - -2)?
-36
Calculate (-129 - -50) + (-297 - -465).
89
Evaluate -2 + 3 - (1 - 0) - ((-55 - -72) + -24).
7
0 - ((-19 - -43) + -32)
8
Evaluate -15 - ((7 - 6) + 18 + (-5 - 3)).
-26
-16 + (-46 + 38 - -28)
4
Evaluate 3 + -2 - ((30 - 57) + 25 + 31).
-28
What is -31 - (-118 - (108 - 292))?
-97
What is the value of (-41 - (33 - 53)) + 4 + 12?
-5
Calculate -76 - (41 + -42 + -44).
-31
What is the value of (3 + 3 - (3 - 7)) + (-7 - -37)?
40
What is 49 + (30 - 45) - (12 + 102)?
-80
Calculate -4 - (-4 + 22 + (3 - (-1 - -14 - -2))).
-10
Calculate -3251 + 3211 - (-1 + -29).
-10
What is 2 + -18 + (-1 - 6 - (-7 - -7))?
-23
What is the value of (2 - 10 - (44 - 50) - -17) + 2?
17
1 + -70 - ((25 - 1) + -47 + -1 + 19)
-64
What is the value of 14 - (8 - (24 + -9) - (-7 + -3))?
11
What is the value of (5 - (6 - (-12 - (20 - 32)))) + -27?
-28
What is the value of -16 + -144 + 133 + (32 - -3)?
8
188 + -170 - ((69 - -2) + 0)
-53
What is the value of (-4 + -53 - 4) + (1 - -11 - 3)?
-52
Calculate -3 + 6 - (-286 - -304).
-15
Evaluate -58 - ((79 - 52) + -49).
-36
What is (-3 + (10 - 13 - -5) - -8) + -10 + -25?
-28
3 + (-1 + 6 - ((25 - (-15 - -59)) + -37))
64
Evaluate 7 + -11 + 3 + 5 + 125 + -69.
60
What is 2 + -1 - 28 - (-31 + 10 + -35 + 57)?
-28
-1420 + 1404 - (2 - -14)
-32
8 + 1 + 241 + -252 + (107 - (1 - 3))
107
What is (8 + (-1 - -2) - -2) + 14 + (49 - 53)?
21
Evaluate -37 + (-21 - (-15 + 17)) + 143.
83
Evaluate (7 - -23) + 4 + (-515 - -500).
19
Calculate (1 - 159) + 142 + -118 + 35.
-99
Evaluate -75 + 3 + (-314 - -346).
-40
What is the value of (13 - (37 - 41)) + -33?
-16
What is the value of (1 - 5 - (18 + -41 - (5 - 19))) + -48?
-43
What is the value of (-11 - 29) + (-15 - -4) + (4 - 5) + -1?
-53
Calculate -45 + 50 + 129 + (-3 - 3 - 3).
125
Calculate (-2 - 0) + 51 + (-26 - 24).
-1
What is -21 - (17 - (-31 - -25)) - (2 + 20)?
-66
Calculate (-29 - -48 - 15) + 46 + 2.
52
Calculate -2 + 1 + 18 - 43 - -57.
31
10 + 5 + -3 - (-26 - -41)
-3
333 + -353 + 2 + (-1 - -63)
44
(25 - -4) + -56 - -16 - (-23 - -1)
11
26 + (-5 - 69 - -21 - -24)
-3
Evaluate (-3 - -3) + (-1 + 2 - -9) + (11674 - 11692).
-8
What is (-23 - -45) + (-14 - -10 - (2 + -7 - 3))?
26
What is -61 + 31 + 27 + (-82 - -30)?
-55
(-63 - -7) + -395 + 485
34
What is the value of (-2826 - -2834) + (-11 + 1 - 0)?
-2
Calculate (-9 - -49) + -31 + -37.
-28
Evaluate 27 + 28 + 9 + 3 + (-2 - 23).
42
6 - (16 + -34) - ((-4 - 8) + 27)
9
What is (-33 - -56) + -5 - -13?
31
What is -108 + -17 - (15 - (77 + -33))?
-96
Calculate 1 + 165 + (-8750 - -8621).
37
What is the value of -15 + (1 - 0) - (-52 - -51)?
-13
Evaluate 2 + 20 + (-18 - -3) + (14 - -5).
26
Evaluate 15 + (-136 - -69) + 3 + 17 + -8 + 4.
-36
What is (1 - 3) + (-9 - 31 - -88) - -20?
66
1 + -15 - (-14 + 19) - (124 - 138)
-5
What is (39 - 3) + 147 + -188?
-5
What is the value of -14 + -4 + -10 + 38 - (1 + 3 + -53)?
59
Evaluate 752 + -796 - (-12 + 21).
-53
What is (-4 - -21 - 48) + 8 + -36?
-59
Evaluate -11862 + 11864 + (1 + -3 - -2) + (2 - -20).
24
What is -9 + 16 - 13 - (44 + (16 - 7))?
-59
What is the value of -1 - -3 - (-57 + (-34 - -78))?
15
62 - ((-29 - -77 - 41) + -4 + (-6 - -4))
61
Calculate -53 + 49 - (-4 - 3 - -11 - 45).
37
Calculate -11 - (17 + (4 - 10) + -16).
-6
Evaluate 1 + (1 - -7) - (19 - (-7 + 25)) - 41.
-33
Calculate (254 + -72 - 66) + 10.
126
What is 1810 - 1820 - (-1 - -3)?
-12
-21 - (-5 - -11) - (-559 - -560)
-28
Evaluate -279 + 269 - (5 + 0 - (-1 + 13)).
-3
What is 69 - (2 - ((8 + -15 - (-4 + 8)) + 11))?
67
Evaluate -3 + 19 + -4 + 0 - (0 + -22).
34
Evaluate -6 + (-6 - 0) + 16 + 34 + 18.
56
What is -60 - 0 - (-15 - 33)?
-12
-16 + (16 - 2) + (-76 - -75)
-3
Evaluate 45 + (1 - 3) - 29.
14
What is the value of (-8 - 27) + 7 + -34 + 55 + -23?
-30
What is the value of -1 + -84 - (-113 + 193 + -93) - -13?
-59
Calculate (5 - 18 - (-5 - (12 + -9))) + 18.
13
What is -25 + (12 - 6) - (-1 - -32)?
-50
What is the value of 1 - 2 - (-5013 + 4969)?
43
What is the value of (137 - 143) + (3 - -50)?
47
What is 5 + 53 + 4 - (-1418 + 1397)?
83
Evaluate (5 - -5 - -4) + (21 - (-24 + 43)).
16
-3 + -5 + (1 - -12) + (-6 - 6)
-7
43 + (90 - 66) + -110
-43
Calculate (-46 - (2 - 11)) + (0 - 3).
-40
What is 0 + 16 + -1 + (200845 - 200748)?
112
13 - (-62 - -79) - (-2 - -12)
-14
Evaluate 3 - (9 + (-35 - -64)).
-35
What is (51 - (-66 - -158)) + 20?
-21
What is the value of -7 + (-25 - -4 - (-90 - -77))?
-15
Calculate -3 + 10 - 1 - (-328 - -378).
-44
Calculate (54 - -22) + -22 - (12 + -5 - 1).
48
Evaluate -22 + (-15 + 13 - (-72 - -15)).
33
What is the value of (1 - (93 + 2 - (17 + (0 - 20)))) + -5?
-102
Evaluate (12 - ((-2 - -16) + -4)) + 19 + 12.
33
Calculate -1 - (3 - 29 - (35 + -46)) - 4.
10
Calculate (78 - 5) + (-10 - (7 + -1 + -8) - 6).
59
Evaluate (-74 + 25 - (3 + 3 + -3 + 4)) + -10.
-66
Calculate 60 + -28 + -4 + -22 + 6 + 25.
37
Evaluate 109 + -50 - -6 - 113.
-48
Evaluate -143 + 212 + (-1 - (2 + -9)).
75
Evaluate (47 - 20 - 11) + 7 + -21.
2
-5 - -17 - (-26 + (-14 - -30))
22
-16 - -3 - ((-5 - 57 - -7) + -4)
46
What is 67 + (0 - 9 - -9) - 26?
41
Calculate (3 - -1) + (18 - 3 - 32) + 12.
-1
Evaluate -3 - (36 - (-25 - -28) - 23).
-13
What is the value of (-57 - -49) + (3 - (52 - -4)) + 0?
-61
What is the value of -377 + 341 + -6 + -13?
-55
What is -1 - 85 - (17028 - 17056)?
-58
Evaluate 6 - ((-6 + -5 - -3) + 10 + -11).
15
Evaluate (1 - -1) + 5 + 2156 + -2166.
-3
Evaluate -10 - (-5 + 